 the value of -14 - (-2 - (-12 + 20))?
-4
Evaluate 5 + (-1 + 22 - (15 - 8 - 1)).
20
Calculate -12 - (8 + -4) - -4.
-12
0 + 8 - 3 - 7 - -1
-1
What is the value of -2 + -10 + 15 - (-10 - -3)?
10
-3 + (-16 - -10) + 11 + -2 - 20
-20
What is -3 - (-14 + (12 - -3) + -4 + 0)?
0
What is the value of 1 + -10 - (-365 - -340)?
16
Calculate (2 - (-5 - 0)) + (2 - -2 - 0).
11
Evaluate (-7 - (7 - 12)) + (0 - -9).
7
What is the value of (-2 - (-1 + 2) - 1) + (408 - 414)?
-10
What is the value of -23 + (-10 - -14) - (-7 + (4 - 0))?
-16
What is the value of 99 + -99 - (14 + (-1 - 1))?
-12
What is (-2 - (0 - -20)) + 9 - -37?
24
What is (1 + 8 - (3 - -6 - 5)) + 3?
8
Calculate -7 - (-9 - 11 - -7).
6
Evaluate (-2 - ((-3 - 0) + 9)) + -5 + 4.
-9
Calculate (-3 - (-16 + 10)) + -8.
-5
(0 - 7) + 1 + -7 + -3 + 15
-1
What is the value of -17 - (10 + (11 - 25 - 0))?
-13
(-8 + 14 - 6) + -2 + -2
-4
What is -6 + -6 + 19 + -15?
-8
What is the value of (-1 - (5 + 8)) + 3?
-11
Evaluate 0 - 1 - (15 - -2 - (-12 + 20)).
-10
Evaluate -682 + 683 - (14 - ((-2 - -1) + 2)).
-12
What is -4 - (-15 + -3 - -3)?
11
(7 - 11 - -9) + -8
-3
What is the value of (37 - 19) + -11 + (1 - -3) + 2?
13
What is 24 - 27 - (-4 + 0 + -4)?
5
Calculate -11 - (-18 + -19 + 29).
-3
3 - ((-1 - (8 + -5)) + 10) - -4
1
Calculate -12 + (-21 - 2) + 37.
2
What is -1 + 0 + -10 + 9 + -3 + 5?
0
Evaluate -9 + 215 + -202 - ((-6 - 1) + 1).
10
-20 + (-1 + 2 + -7 - 1) + 9
-18
Evaluate (-16 - -17 - -10) + -13 + 5 + 1.
4
What is the value of -7 - (-3 + 2 + -3 + 1 + -2)?
-2
Evaluate 25 + (-15 + (-5 - -5) - -15).
25
Evaluate -43 + 40 - (1 + -5) - (-2 + 8).
-5
Evaluate -1 + -19 + (4 - (5 - -1)) + 0.
-22
What is the value of -9 + (18 - (33 + -8))?
-16
What is 7 - (-4 + 5) - (24 + -10)?
-8
Evaluate (226 - 226) + 0 + 0.
0
Calculate -5 + 0 + -3 + (0 - -4).
-4
Evaluate -151 - -156 - ((-2 - 0) + (7 - -9)).
-9
Evaluate 9 - ((9 - 4) + (-6 - 2)).
12
Calculate 467 - 460 - (-1 - -10).
-2
Evaluate -20 + (5 - -3) + 1 + 8.
-3
(2 - -4) + -7 + (13 - 3) + 3
12
7 - 0 - (412 + -411) - 7
-1
What is the value of (-31 - -49) + -13 + (-2 + 1 - -11)?
15
Evaluate (-22 + 18 + -4 - -9) + -30.
-29
Calculate 1 - ((-4 - 8) + 3) - -7.
17
14 + -1 + (14 - 18) - (-13 - -17)
5
What is (-95 + 74 - (-11 + 1)) + -10?
-21
-10 + (-6 + (1 - 2) - (-1010 + 1007))
-14
(-15 + 7 - -12) + -17
-13
(-7 - (15 + -39)) + (1 - -4) + -8
14
Evaluate 5 + (-1 + -7 - (-131 - -121)).
7
Evaluate 26 - (-18 - (-42 - -8)).
10
-9 + (-4 + -1 - (5 + 10 + -14))
-15
-25 + (-2 - -16) - -15
4
Calculate 20 - (13 - 3 - -6).
4
Evaluate 21 + -24 + (-12 - -6).
-9
What is 1 + -2 + (1 - (4 - 8))?
4
Calculate 3 - (-7 + 3 + -11 + 9).
9
Calculate 3 + (19 - 44) + 19.
-3
Evaluate 34 + -1 + -12 - (0 - -4).
17
Evaluate 24 + 9 + 7 + -11 + -8 - -1.
22
28 - (69 - 24) - -14
-3
What is 27 + -14 + 9 - (-7 - -15)?
14
Calculate 49 - 2 - (-810 + 836).
21
What is the value of -29 + (18 - (21 + -36))?
4
-9 + -2 + 5 + -9
-15
What is 14 + (51 - 55) + (-1 - 42)?
-33
Evaluate (-7 - 2) + -11 - (3 - 11).
-12
What is the value of -3 + (-2 - -6) - (0 - -6)?
-5
Evaluate (1 - 7) + (-1 + (13 - -6) - 7).
5
What is the value of (-3 - 14) + 10 + 1?
-6
Evaluate -1 - (-6 - (9 - 4)) - -14.
24
-4 - 0 - (-18 + -35 - -46)
3
What is (-5 + 20 - 19) + (5 + -4 - -29)?
26
-1 + 1 + -1 + -8 + 23
14
What is the value of 5 - (-4 + 2 + -10 + 22)?
-5
What is the value of 8 + -7 + (14 - (9 + -10))?
16
-2 + (-2 - (-3 + 6))
-7
What is the value of (-1 - ((-24 - -6) + 9)) + -3?
5
(11 - (-2 + -3 - -11)) + 11
16
Evaluate 25 + (-18 - (14 - 9)).
2
What is 16 - (4 - (-9 - -15))?
18
Evaluate (-10 - -8) + (-5 - -7) - (36 - 5).
-31
What is the value of 8 - 25 - (33 - 42)?
-8
Evaluate 12 + -17 - (-15 - (0 - (-5 - -3))).
12
What is 1 - (0 - (24 - 4)) - (50 + -55)?
26
What is 12 - 7 - (21 - 28)?
12
What is the value of 3 - 2 - (-12 + 2 + 20)?
-9
What is -27 + (-36 - -59) - 24?
-28
What is the value of -5 - (-9 + (7 - (7 - 3)) - -8)?
-7
12 + -1 - (-358 + 355)
14
What is the value of (-13 + 27 - -2) + (7 - 2)?
21
Evaluate -46 + 62 + (4 - 13).
7
What is the value of 0 - (9 - 3 - (66 - 32))?
28
Calculate 16 + -10 + 4 + 23 + -19.
14
Evaluate (10 - -2) + (-19 - -2) + 28.
23
Calculate -4 + -14 + 0 + 63 + -58.
-13
What is the value of 3 + 6 + 0 - (-8 + (9 - 6))?
14
Calculate -2 - ((51 - 22) + -22).
-9
What is -3 - -5 - 6 - -1?
-3
What is the value of 0 - -2 - ((-1 - 10) + 10 + 2)?
1
What is the value of (-42 - -93) + -11 + -10?
30
What is the value of 3 - (5 + (3 + -4 - -4) + -6)?
1
Calculate (0 - -2) + 1 + (-15 - -13).
1
What is -3 + 4 + 3 + 6?
10
What is the value of 17 + -4 + -15 - (3 + 1)?
-6
What is the value of 2 + 9 + -9 + -6 + 1 - -10?
7
(-11 - (21 + -14)) + 9 + -1
-10
What is the value of -9 + 23 + -15 + 8?
7
What is 7 + 34 + 3 + -6 - 15?
23
Calculate -180 + 194 + (-29 - 2).
-17
-6 + (1 - (1 - -2)) + 12 + -6
-2
What is the value of 15 + 0 + 1 + (-3 - (6 + -6))?
13
Evaluate -6 + (10 - (3 + 6)).
-5
What is the value of -8 + -9 + (-9 - -16) + -15 + 7?
-18
-90 + 73 + (16 - 0)
-1
-5 + (-7 - 1 - -23) - 0
10
Evaluate -2 + 0 - (17 + 1) - (-23 - -27).
-24
What is the value of 43 + -45 - (2 - 0)?
-4
What is the value of (5 - (1 + 8)) + 9 + 4 + 24?
33
What is (11 - -1) + (-56 - -60) + -3?
13
Evaluate -6 + (-6 - 2) + 9 - (-9 - 27).
31
Evaluate -1 + 11 - (-11 + (-10 - -20) + -3).
14
-12 + 16 + -23 + 11
-8
Evaluate 4 - 6 - (28 + -41).
11
What is 2 + 6 + (0 - -1) + (47 - 48)?
8
What is -13 - ((-24 - -14) + 4)?
-7
Evaluate 10 + 5 + (-4 + 4 + -2 - -5).
18
What is 17 + (28 - 14) - 62?
-31
-27 + 22 + (24 - 5) - 38
-24
What is 2 - (-16 + 0 + 33 + -22 + -13)?
20
20 + 25 + (12 - 39)
18
What is the value of (4 - 1 - -3) + (21 + -34 - -13)?
6
Calculate -19 - (12 - 10 - (-10 - -3 - 0)).
-28
16 - 13 - (-3 - 4 - -3)
7
What is -4 + (6 - (-1 + 1) - 7) + 20?
15
What is -17 + 3 - (-4 - 5)?
-5
What is (3 - 9) + 9 + (5 + -2 - 11)?
-5
6 + 17 + -11 + -20
-8
-3 + 17 + -3 + -4 - 1
6
(-1725 - -1738) + (-8 - 1 - 0)
4
What is 4 - (-5 - (-9 + (4 - 4))) - 0?
0
Calculate -6 + 3 + (-15 - -8).
-10
Evaluate 4 - (1 - 1) - (58 + -96 + 45).
-3
13 + (-3 - -5) - 8 - 5
2
-3 + 14 + -3 + -18 + 12
2
What is -42 - -1 - (1 - (7 - -7))?
-28
What is 3 - (2 - -2 - (7 + -17 + 5))?
-6
Calculate 0 + (-9 - 0) + 4 + -5.
-10
What is (-18 + 11 - -12) + 5?
10
Evaluate 253 + -247 + -3 + 2 + -8.
-3
3 - -19 - 3 - (2 - -5)
12
(1 - (-6 + 5 + -4)) + 5 + -6
5
What is the value of (3 - 4) + 1 - (-12 - -4 - -3)?
5
What is the value of (-17 - (8 - 22)) + -4?
-7
Calculate 61 + 7 + -71 - (1 + 0 + -4).
0
Evaluate 16 + (8 - (3 + (6 - -1))).
14
(0 - 8) + 0 - (3 + -5)
-6
Calculate 2 + 1 - (-15 + 9 + -3).
12
-1 - (4 - 19 - (5 - 6))
13
Calculate 23 - ((-1 - (8 + 3) - 2) + 8).
29
What is the value of -12 - -8 - -20 - 12?
4
Calculate 856 + -869 + -6 + -1.
-20
Evaluate -29 + 14 + (11 - 6).
-10
What is (-34 - -12) + 11 + -4 + 0?
-15
(1 - (12 + -20 - (-4 - 1))) + 0
4
Evaluate -6 + (-2 - (0 - (4 - -3))).
-1
What is 17 + -29 - (-4 + (-1 - (1 + 0)))?
-6
What is 12 - 5 - 27 - -41?
21
17 + (-30 + 28 - (-4 + 12))
7
What is (10 - 14) + -1 - (6 + -3 + -6)?
-2
-20 - (-3 + 5 + 1 + 3 + -12)
-14
What is 3 + 2 + -37 + 11?
-21
What is the value of -3 - 5 - (2 + -20 + 11)?
-1
What is the value of 8 - (-9 + 33 + 4 + -14)?
-6
Evaluate -5 + 8 + -5 - (8 - 20 - 0).
10
Evaluate 16 + (-3 - (-3 + 18)) - 18.
-20
-2 + -4 - (3 + 0) - (8 + -8)
-9
What is the value of -14 + -1 + -244 + 241?
-18
Calculate 2 + (-2 - 9) - (142 - 160).
9
Evaluate 9 + 5 + 5 + 4 - -16.
39
What is (0 - ((2 - -3) + (-5 - -5))) + 14?
9
What is -14 + -3 + (-5 - -36)?
14
What is the value of -13 + 6 + 14 + 0 + 1 + -18?
-10
Calculate 0 + (9 - (-9 + 26)) - -8.
0
What is the value of 0 - -1 - (4 - (22 + -16 + 10))?
13
Evaluate (-6 - 0) + 3 + 6 + -26 + 13.
-10
Evaluate 2 + 18 + -23 - (-7 + 0 - -2).
2
Calculate (-15 - -32) + -34 - -13.
-4
Evaluate (-4 - -1) + (105 - 51) + -16.
35
Calculate 5 + 6 + -16 + -1 + (2 - 1).
-5
Evaluate 12 - (2 + -1 - (31 - 36)).
6
What is -1 + -8 + (-15 - (-9 - 10)) - 14?
-19
What is 75 + -78 - (1 + -3 + -1 + -9)?
9
Evaluate -17 - 4 - (-1 + -3 + -1 + 5).
-21
What is -14 + -4 - (-69 + 60)?
-9
(0 - (-2 + 0 + 4)) + 130 + -89
39
Evaluate -27 - -41 - -12 - (1 + 1 - 6).
30
What is the value of 21 + -49 + 24 - (19 - 2)?
-21
What is the value of 14 - (-12 - (18 + -38))?
6
Evaluate -14 - ((2 - (